t common factor of 7874 and 1984.
62
What is the highest common factor of 63720 and 138240?
1080
What is the highest common divisor of 114 and 1073994?
114
What is the highest common divisor of 29650 and 40?
10
Calculate the highest common factor of 207320 and 1136.
568
What is the highest common divisor of 686943 and 1202?
601
What is the greatest common factor of 191 and 20437?
191
What is the highest common divisor of 378665 and 620?
155
What is the greatest common factor of 1593 and 1122003?
531
What is the greatest common factor of 448 and 3094?
14
Calculate the highest common divisor of 10 and 14470.
10
What is the greatest common divisor of 61 and 250771?
61
What is the greatest common divisor of 25370 and 6665?
215
Calculate the highest common factor of 84 and 1723708.
28
What is the greatest common divisor of 21460 and 1305?
145
Calculate the highest common divisor of 388392 and 24.
24
What is the highest common divisor of 3603084 and 912?
228
Calculate the greatest common divisor of 3700 and 1050.
50
What is the greatest common divisor of 14 and 3975783?
7
Calculate the highest common factor of 58 and 311895.
29
Calculate the greatest common divisor of 629 and 436489.
37
What is the highest common divisor of 63 and 5533563?
21
What is the greatest common divisor of 32940 and 51057?
1647
What is the highest common factor of 1435 and 13?
1
Calculate the highest common divisor of 18462 and 3.
3
What is the greatest common divisor of 38477 and 3815?
109
What is the greatest common divisor of 33265 and 365?
5
Calculate the greatest common divisor of 14129 and 398.
199
What is the highest common factor of 101660 and 10580?
460
Calculate the greatest common factor of 26367 and 20757.
561
What is the highest common divisor of 9222 and 19662?
174
Calculate the highest common factor of 420 and 1106700.
420
Calculate the highest common divisor of 459 and 9099.
27
Calculate the highest common divisor of 270980 and 100.
20
Calculate the greatest common divisor of 21329 and 378.
7
What is the highest common divisor of 2198070 and 378?
378
Calculate the highest common divisor of 3705 and 8132.
19
Calculate the highest common divisor of 1620 and 88.
4
What is the highest common divisor of 46671 and 26085?
141
Calculate the highest common factor of 206091 and 612.
153
What is the highest common factor of 75 and 61675?
25
Calculate the highest common divisor of 861 and 57.
3
Calculate the highest common divisor of 11221 and 2977.
229
Calculate the greatest common divisor of 174542 and 1970.
394
Calculate the highest common divisor of 5539 and 11455.
29
What is the highest common divisor of 12317 and 5763?
113
What is the greatest common factor of 18096 and 11037?
39
Calculate the greatest common divisor of 5350 and 870445.
535
Calculate the greatest common factor of 198 and 1639616.
22
What is the greatest common factor of 79354 and 154?
22
Calculate the greatest common divisor of 71509 and 1247.
43
Calculate the highest common factor of 916 and 16.
4
Calculate the highest common factor of 108 and 14928.
12
Calculate the greatest common divisor of 1183406 and 2466.
274
What is the highest common divisor of 22 and 2050?
2
Calculate the greatest common divisor of 403557 and 462.
231
What is the highest common factor of 18596 and 28?
4
What is the greatest common factor of 11494 and 322?
14
What is the greatest common factor of 3915 and 125570?
145
What is the greatest common divisor of 1758 and 78?
6
What is the greatest common factor of 700727 and 219?
73
What is the highest common factor of 2639271 and 9748?
2437
What is the highest common divisor of 39 and 541437?
39
What is the highest common divisor of 1771 and 9625?
77
Calculate the greatest common divisor of 10 and 2482.
2
What is the highest common factor of 404326 and 52?
26
Calculate the greatest common divisor of 196956 and 135.
9
Calculate the highest common factor of 76242 and 84102.
786
What is the greatest common divisor of 57 and 16851?
3
What is the greatest common divisor of 48032 and 13588?
316
Calculate the highest common divisor of 877 and 11187889.
877
Calculate the greatest common divisor of 33432 and 13944.
168
Calculate the greatest common factor of 1775 and 128652.
71
What is the highest common factor of 6783 and 931?
133
Calculate the greatest common factor of 3633 and 22836.
519
What is the greatest common factor of 714 and 14042?
238
Calculate the greatest common factor of 131436 and 108.
108
Calculate the highest common divisor of 651645 and 810.
405
What is the greatest common factor of 10010 and 59675?
385
Calculate the highest common divisor of 12 and 212604.
12
Calculate the greatest common divisor of 2139 and 195753.
69
Calculate the highest common factor of 45 and 64683.
9
Calculate the highest common factor of 3528 and 2891.
49
What is the highest common factor of 498472 and 8?
8
What is the greatest common divisor of 12488 and 6104?
56
What is the highest common factor of 560890 and 220?
110
Calculate the highest common factor of 1504003 and 41.
41
Calculate the greatest common divisor of 765039 and 33077.
1067
Calculate the greatest common factor of 160667 and 1989.
221
Calculate the highest common divisor of 674 and 2424378.
674
What is the highest common factor of 805591 and 29?
29
Calculate the greatest common divisor of 99 and 467379.
99
What is the highest common divisor of 378868 and 49?
49
What is the greatest common factor of 136 and 353566?
34
What is the highest common divisor of 27 and 409842?
9
What is the greatest common divisor of 224385 and 7665?
105
Calculate the highest common factor of 1644 and 96.
12
What is the greatest common divisor of 71 and 9199?
1
Calculate the highest common factor of 324171 and 6516.
1629
Calculate the highest common divisor of 76 and 704558.
38
What is the greatest common factor of 2250 and 260250?
750
What is the highest common divisor of 8775 and 1161?
27
Calculate the highest common factor of 1057 and 2690065.
1057
What is the highest common divisor of 2581 and 15664?
89
What is the greatest common factor of 21 and 43568?
7
Calculate the highest common factor of 6 and 5122.
2
Calculate the greatest common factor of 14755 and 845.
65
Calculate the highest common factor of 1603110 and 6.
6
What is the highest common divisor of 1416 and 70446?
354
Calculate the highest common divisor of 15965 and 3090.
515
What is the highest common factor of 111231 and 9?
9
Calculate the greatest common divisor of 20650 and 16933.
413
What is the greatest common divisor of 11140 and 964?
4
Calculate the highest common factor of 78 and 1073384.
26
Calculate the greatest common factor of 9 and 457317.
9
Calculate the highest common factor of 3940 and 111699.
197
What is the highest common divisor of 379973 and 55?
11
Calculate the highest common divisor of 33176 and 928.
232
What is the greatest common factor of 44943 and 639?
213
Calculate the highest common factor of 919972 and 51.
17
What is the greatest common divisor of 34065 and 23670?
45
Calculate the greatest common divisor of 894 and 96.
6
What is the greatest common factor of 3368 and 2600?
8
Calculate the greatest common divisor of 12 and 88611.
3
Calculate the greatest common factor of 95 and 14700.
5
Calculate the highest common divisor of 1225 and 20.
5
Calculate the greatest common factor of 3264 and 18003.
51
Calculate the greatest common divisor of 83467 and 38.
19
What is the highest common factor of 2010 and 238520?
670
What is the highest common factor of 42735 and 6195?
105
What is the highest common divisor of 20254 and 10621?
247
What is the highest common divisor of 148 and 128?
4
What is the greatest common divisor of 136782 and 1887?
51
What is the greatest common divisor of 182 and 2330432?
26
Calculate the greatest common factor of 6545 and 4235.
385
Calculate the greatest common factor of 189 and 124299.
63
Calculate the highest common divisor of 3874 and 286.
26
Calculate the highest common factor of 179865 and 24885.
315
Calculate the greatest common factor of 10 and 442690.
10
Calculate the greatest common divisor of 183386 and 4.
2
Calculate the highest common factor of 176384 and 23426.
1378
Calculate the highest common factor of 34 and 17425.
17
Wha